5043?
3
What is the millions digit of 16888800?
6
What is the millions digit of 1294520?
1
What is the hundreds digit of 143496?
4
What is the hundreds digit of 6263686?
6
What is the millions digit of 1322051?
1
What is the thousands digit of 597159?
7
What is the tens digit of 4378610?
1
What is the hundreds digit of 847992?
9
What is the tens digit of 993566?
6
What is the tens digit of 348853?
5
What is the units digit of 202282?
2
What is the thousands digit of 221920?
1
What is the ten thousands digit of 135861?
3
What is the ten thousands digit of 1491556?
9
What is the tens digit of 199498?
9
What is the thousands digit of 2399660?
9
What is the ten thousands digit of 172704?
7
What is the units digit of 8774461?
1
What is the tens digit of 3319470?
7
What is the thousands digit of 514416?
4
What is the tens digit of 418423?
2
What is the hundreds digit of 3365227?
2
What is the tens digit of 1586131?
3
What is the hundreds digit of 19951973?
9
What is the thousands digit of 19558093?
8
What is the thousands digit of 1828960?
8
What is the hundred thousands digit of 11756182?
7
What is the units digit of 889670?
0
What is the tens digit of 1035195?
9
What is the thousands digit of 28992491?
2
What is the millions digit of 4247298?
4
What is the hundred thousands digit of 299245?
2
What is the hundred thousands digit of 1915594?
9
What is the hundred thousands digit of 1796551?
7
What is the thousands digit of 6450330?
0
What is the thousands digit of 265820?
5
What is the thousands digit of 245049?
5
What is the hundreds digit of 551390?
3
What is the thousands digit of 162778?
2
What is the millions digit of 5574710?
5
What is the units digit of 175163?
3
What is the tens digit of 3470826?
2
What is the hundreds digit of 88225?
2
What is the hundreds digit of 86475?
4
What is the millions digit of 1080088?
1
What is the millions digit of 3234939?
3
What is the tens digit of 3490470?
7
What is the hundred thousands digit of 157492?
1
What is the ten thousands digit of 139844?
3
What is the hundred thousands digit of 1924933?
9
What is the millions digit of 1149990?
1
What is the tens digit of 6422257?
5
What is the millions digit of 1423996?
1
What is the ten thousands digit of 10671222?
7
What is the hundred thousands digit of 402252?
4
What is the tens digit of 257588?
8
What is the hundred thousands digit of 15384335?
3
What is the thousands digit of 436984?
6
What is the tens digit of 795799?
9
What is the thousands digit of 245606?
5
What is the ten thousands digit of 24131192?
3
What is the ten thousands digit of 229671?
2
What is the hundreds digit of 345128?
1
What is the hundred thousands digit of 167045?
1
What is the ten thousands digit of 2962904?
6
What is the hundreds digit of 396188?
1
What is the thousands digit of 25375?
5
What is the hundred thousands digit of 7371436?
3
What is the hundred thousands digit of 477124?
4
What is the tens digit of 1157404?
0
What is the ten thousands digit of 1577456?
7
What is the hundreds digit of 621833?
8
What is the tens digit of 1180554?
5
What is the thousands digit of 1922322?
2
What is the hundreds digit of 5383705?
7
What is the hundreds digit of 58714?
7
What is the millions digit of 1239184?
1
What is the units digit of 7151191?
1
What is the tens digit of 1210889?
8
What is the hundreds digit of 3967845?
8
What is the tens digit of 159341?
4
What is the hundreds digit of 197855?
8
What is the hundred thousands digit of 1306322?
3
What is the thousands digit of 805663?
5
What is the hundreds digit of 6746896?
8
What is the hundreds digit of 1868737?
7
What is the hundreds digit of 775357?
3
What is the tens digit of 194685?
8
What is the units digit of 6034429?
9
What is the hundred thousands digit of 108443?
1
What is the ten thousands digit of 451534?
5
What is the thousands digit of 110192?
0
What is the tens digit of 39285?
8
What is the units digit of 463064?
4
What is the millions digit of 1309735?
1
What is the hundreds digit of 2189910?
9
What is the hundreds digit of 23426?
4
What is the thousands digit of 55538?
5
What is the millions digit of 2198232?
2
What is the thousands digit of 1372587?
2
What is the units digit of 1400298?
8
What is the ten millions digit of 31067874?
3
What is the tens digit of 2559274?
7
What is the ten thousands digit of 24189494?
8
What is the hundred thousands digit of 636990?
6
What is the hundred thousands digit of 15102718?
1
What is the units digit of 969665?
5
What is the ten thousands digit of 60368?
6
What is the thousands digit of 44715?
4
What is the units digit of 4325158?
8
What is the hundred thousands digit of 955380?
9
What is the thousands digit of 2959009?
9
What is the thousands digit of 183612?
3
What is the tens digit of 376494?
9
What is the units digit of 2281789?
9
What is the units digit of 14367742?
2
What is the millions digit of 4126280?
4
What is the millions digit of 30369336?
0
What is the hundreds digit of 6356856?
8
What is the units digit of 6204766?
6
What is the hundred thousands digit of 119305?
1
What is the hundred thousands digit of 165684?
1
What is the units digit of 77003?
3
What is the millions digit of 2934178?
2
What is the units digit of 51266?
6
What is the hundred thousands digit of 779153?
7
What is the tens digit of 664745?
4
What is the hundreds digit of 1526546?
5
What is the units digit of 47245?
5
What is the ten thousands digit of 184678?
8
What is the hundreds digit of 208764?
7
What is the tens digit of 187870?
7
What is the hundred thousands digit of 233988?
2
What is the hundreds digit of 1180970?
9
What is the tens digit of 5006028?
2
What is the hundred thousands digit of 9555862?
5
What is the ten thousands digit of 95924?
9
What is the thousands digit of 1595808?
5
What is the hundreds digit of 1369659?
6
What is the ten thousands digit of 3512883?
1
What is the hundreds digit of 1061365?
3
What is the units digit of 32432?
2
What is the ten thousands digit of 40230?
4
What is the hundreds digit of 1766980?
9
What is the units digit of 809894?
4
What is the hundreds digit of 222819?
8
What is the hundred thousands digit of 1021709?
0
What is the ten thousands digit of 2981569?
8
What is the ten thousands digit of 2070460?
7
What is the millions digit of 6176830?
6
What is the hundreds digit of 17673?
6
What is the ten thousands digit of 357382?
5
What is the ten thousands digit of 1646064?
4
What is the hundred thousands digit of 110117?
1
What is the hundreds digit of 197228?
2
What is the units digit of 295186?
6
What is the hundred thousands digit of 1914207?
9
What is the hundred thousands digit of 110588?
1
What is the thousands digit of 515114?
5
What is the thousands digit of 13556963?
6
What is the hundreds digit of 591556?
5
What is the hundred thousands digit of 5811652?
8
What is the thousands digit of 88787?
8
What is the thousands digit of 10739399?
9
What is the units digit of 541201?
1
What is the tens digit of 469874?
7
What is the ten millions digit of 15653141?
1
What is the tens digit of 16808?
0
What is the units digit of 6915125?
5
What is the hundred thousands digit of 1287379?
2
What is the units digit of 388947?
7
What is the hundred thousands digit of 711476?
7
What is the hundred thousands digit of 29377415?
3
What is the tens digit of 19179340?
4
What is the millions digit of 1302688?
1
What is the millions digit of 1035106?
1
What is the thousands digit of 203774?
3
What is the ten thousands digit of 1235314?
3
What is the units digit of 190363?
3
What is the tens digit of 776927?
2
What is the millions digit of 1529857?
1
What is the tens digit of 35911402?
0
What is the ten thousands digit of 5179934?
7
What is the ten thousands digit of 56582?
5
What is the hundreds digit of 561477?
4
What is the thousands digit of 220307?
0
What is the thousands digit of 168117?
8
What is the thousands digit of 149399?
9
What is the ten thousands digit of 1314773?
1
What is the hundred thousands digit of 10368139?
3
What is the hundred thousands digit of 333607?
3
What is the hundred thousands digit of 21869704?
8
What is the hundreds digit of 382143?
1
What is the units digit of 1384703?
3
What is the thousands digit of 436228?
6
What is the units digit o